49. What is the remainder when b is divided by 12?
9
Let j(f) = f**2 - 6*f + 6. Let c = -16 + 22. What is the remainder when 17 is divided by j(c)?
5
Let r(x) = 2*x**2 - 2*x + 1. Let k = -5 - -5. Let w = 11 - k. What is the remainder when r(-4) is divided by w?
8
Let c = 35 + -21. Calculate the remainder when 25 is divided by c.
11
Let v(s) = -s**3 + 4*s**2 + 3*s - 5. What is the remainder when 33 is divided by v(4)?
5
Let b = -23 + 40. Calculate the remainder when (-439)/(-9) + 18/81 is divided by b.
15
Let l be (1/(-3))/((-6)/(-18)). Let b = -20 + l. Let j = -8 - b. Calculate the remainder when j is divided by 7.
6
Let a(s) = s**3 + 18*s**2 + 6. What is the remainder when a(-18) is divided by 4?
2
Let p = 48 - 31. What is the remainder when 31 is divided by p?
14
Let v(p) = 0 - 4*p - 1 - 3*p - p**2. Let r = -4 - -12. What is the remainder when r is divided by v(-6)?
3
Suppose 3*f = -2*y + 49, y + f = 4*f + 11. What is the remainder when 59 is divided by y?
19
Let j(q) = -2*q + 18. Calculate the remainder when j(0) is divided by (1*-8 + -2)*-1.
8
Suppose -50 = -a - 0*q - 4*q, 15 = 3*q. What is the remainder when 118 is divided by a?
28
Suppose 3*z = 2*g - 6*g - 8, 30 = 5*z - 2*g. Calculate the remainder when 23 is divided by z.
3
What is the remainder when ((-2)/(-6))/(8/1632) is divided by 23?
22
Let s(t) = 49*t + 2. Let p be s(2). Suppose 4*u = h - 15, -5*h + u = 6*u - p. Calculate the remainder when h is divided by 10.
9
Let n be -2*(-4)/(8/3). Suppose -j - 3*x - 12 = 0, -7*j = -3*j + n*x + 3. Calculate the remainder when 3 is divided by j.
0
Let m(q) = -q**3 + 7*q**2 - 4*q - 1. Calculate the remainder when m(3) is divided by 12.
11
Let j = -7 - -14. Let x = j - -6. What is the remainder when x is divided by 4?
1
Let u = 32 + -19. Calculate the remainder when u is divided by 7.
6
Suppose -4*y + 35 = 11. Let m = 62 + -52. What is the remainder when m is divided by y?
4
What is the remainder when 53 is divided by ((-6)/7 + (-1)/7)*-9?
8
Suppose -v + 3*x - 18 = 0, 4*x - 32 = 7*v - 3*v. Let i(t) = -t**3 - t**2 + 2*t - 4. What is the remainder when 37 is divided by i(v)?
5
Let m(s) = 5*s**3 + 2*s**2 + s + 3. Let q(c) = 9*c**3 + 5*c**2 + 3*c + 5. Let z(l) = -7*m(l) + 4*q(l). Calculate the remainder when 30 is divided by z(-4).
8
Let j(q) = q**2 - 3*q + 12. Suppose -2*t - 2*t = -32. Calculate the remainder when j(5) is divided by t.
6
Let x be -1 - (-9)/3 - -1. Suppose -32 = -4*b + x*m, -4*b = m + 7 - 39. What is the remainder when 23 is divided by b?
7
Suppose 1 = x - 0*x. Let k = x - -1. Suppose r = -k*r + 42. What is the remainder when r is divided by 5?
4
Suppose -5*v + 4*z = -72, -2*z = -3*v - 0*z + 42. What is the remainder when v is divided by 3?
0
Suppose 4*a - k = 438, 0*a + 4*k + 117 = a. Suppose 4*l = t + a, 0 = -5*l + t - 3*t + 133. What is the remainder when l is divided by 14?
13
Let l(s) = 3*s - 3. Let z be l(3). Let o be ((-12)/(-9))/(z/(-261)). What is the remainder when 41 is divided by 1/(-2) + o/(-4)?
13
Suppose -s = x - 16, -4*s - 2*x = 3 - 57. What is the remainder when 31 is divided by s?
9
Suppose -4 = 2*h + 8. Let r(z) = z + 8. What is the remainder when 2 is divided by r(h)?
0
Let h(n) = -n + 1. Let u(q) = q - 8. Let a(s) = -18*h(s) - 2*u(s). What is the remainder when a(3) is divided by 24*(3*-1)/((-162)/36)?
14
Let w(x) = 2*x**3. Let d be w(1). Suppose -d*n = 2*a - 3*a - 16, 0 = n + a - 11. What is the remainder when 26 is divided by n?
8
Let p = -2 - -6. Let a(g) = g + p - 4 - 7. Calculate the remainder when 8 is divided by a(10).
2
Let f = -149 + 252. What is the remainder when f is divided by 15?
13
Let j(u) = -2*u**3 + 2*u**2 + 4*u + 2. What is the remainder when j(-2) is divided by 10?
8
Let k = -5 - -29. Let o be -1 + (-4)/((-8)/14). Suppose 0 = w - 2*y - 15, w - 4*y = o*w - 61. What is the remainder when k is divided by w?
11
Let l = 856 + -537. Suppose -l = -4*x + 385. Suppose 6*c - 2*c - x = 0. Calculate the remainder when c is divided by 15.
14
Let v = 43 - 26. What is the remainder when v is divided by 9?
8
Calculate the remainder when 7 + -3 - (2 + -4) is divided by 2.
0
Let c(i) = i - 8. Let p = 60 + -33. Calculate the remainder when p is divided by c(15).
6
Let n = 20 + -14. Let a be -4 + (-3)/((-6)/4). Let j = a + n. Calculate the remainder when 15 is divided by j.
3
Let l = 30 + -12. Suppose -3*n + 2*n = -34. Calculate the remainder when n is divided by l.
16
Suppose -u - 4 = 4*o, 2*o + 2*o = 3*u - 36. Calculate the remainder when 30 is divided by u.
6
Let v(y) = y**2 - 10*y + 10. Calculate the remainder when 29 is divided by v(10).
9
Let s = 6 - 2. Let b(t) = 5*t - 6. Calculate the remainder when 27 is divided by b(s).
13
Let n(s) = -s**3 + 8*s**2 - 9*s + 4. Let t be n(7). Let h = t + 21. Suppose -32 - 31 = -3*q. Calculate the remainder when q is divided by h.
10
Suppose 2*c - 6*c = -128. Let y(a) = -2*a - 5. Let w(t) = -3*t - 11. Let o(z) = -4*w(z) + 9*y(z). What is the remainder when c is divided by o(-3)?
15
Suppose 0 = -j - 3*p + 18, 5*p = -j + 3*p + 17. Let c(y) = 6*y. Let x be c(1). Calculate the remainder when 2/x - (-640)/15 is divided by j.
13
Suppose 0 = 7*b - 17*b + 80. What is the remainder when 14 is divided by b?
6
Suppose 3*i = 5*l - 21, -i + 2 = -1. What is the remainder when 11 is divided by l?
5
Let j = 186 + -125. What is the remainder when j is divided by ((-32)/3)/((-8)/12)?
13
Let u be -3*1*(3 + -4). Suppose -r + u*r - 26 = 0. Calculate the remainder when 62 is divided by r.
10
Let w(u) = 4*u + 2. Let n(b) = 6*b**3 - 4*b + 3. Suppose -2*k + 3*r = -12 - 4, 4*k - 4*r - 24 = 0. Calculate the remainder when n(k) is divided by w(5).
21
Suppose n = -3*n + 16. Suppose -4*l = 5*x - 59, 2*x = 5*x - n*l - 29. Let p = 11 + -7. Calculate the remainder when x is divided by p.
3
Suppose 109 = 7*j - 94. What is the remainder when j is divided by 8?
5
What is the remainder when (-4)/22 + (-492)/(-44) is divided by 6?
5
Let w = 1 + 0. Suppose 5*z - 4*q = 32, w = z - 3*q - 1. What is the remainder when 29 is divided by z?
5
Let s(x) = -x + 6. Let p be s(6). Let b be 3 - 1 - p - -33. Let w = 2 + b. Calculate the remainder when w is divided by 13.
11
Let z(j) = -j**3 - 8*j**2 + 29*j - 28. Let n be -3*(2*-1 - 0). What is the remainder when ((-4)/n)/(4/(-282)) is divided by z(-11)?
15
Suppose 0 = 3*g + 2 - 14. Suppose -26 = f - 90. Suppose -5*o - l = -77, g*o - f = -2*l - 0*l. Calculate the remainder when 42 is divided by o.
12
Suppose b - 3*t - 1 = -10, -5*b - 3*t + 27 = 0. What is the remainder when 4 is divided by b?
1
Suppose 0 = 5*j + 3*a - 76, -2*a = 4*j + a - 59. Calculate the remainder when 48 is divided by j.
14
Let q(m) = -17*m - 20. Calculate the remainder when 121 is divided by q(-3).
28
Let m = 185 - 169. Calculate the remainder when 30 is divided by m.
14
Suppose -2 = -3*j + 1. Let w be 21*((-12)/(-9) - j). Let o(i) = i - 1. Calculate the remainder when o(w) is divided by 4.
2
Let j(z) = -10*z**2. Let u be j(1). Calculate the remainder when 21 is divided by ((-8)/u)/((-5)/(-50)).
5
Suppose 4*l - 165 - 119 = -2*w, -w + 144 = 4*l. What is the remainder when w is divided by 29?
24
Let j be 0 + (-2 - -3 - 2). Calculate the remainder when -1*(j + 2) + 2 is divided by (-2)/(-5)*-1*(-10)/4.
0
Suppose 0 = 4*r + 46 - 206. What is the remainder when r is divided by 15?
10
Suppose 0 = 3*a, -4*p + 5*a + 28 - 8 = 0. Let f = p + 0. Let k = -2 + f. Calculate the remainder when 4 is divided by k.
1
Let x(c) = 3*c**2 - c + 1. Suppose 2*a + 4*r = 82, 0 = -2*a + 3*a - 3*r - 16. Calculate the remainder when a is divided by x(2).
9
Suppose -30 = -5*r - 5*a, -5*r + 3*a + 12 = -a. Let j be r/(-8) - 5/(-2). Suppose -20 = -j*k + 24. Calculate the remainder when k is divided by 12.
10
Let u = -3 + 7. Let n = 2 + u. Let x = n - 3. Calculate the remainder when 7 is divided by x.
1
Let d(r) = -r**3 + 17*r**2 + r - 10. Let s = 38 + -21. Calculate the remainder when 25 is divided by d(s).
4
Let p(k) = -k - 4. Let a be p(-6). What is the remainder when 20 is divided by 0 + 8 + (-2)/a?
6
Let g(u) be the first derivative of -u**3/3 - 4*u**2 + 5. What is the remainder when g(-7) is divided by 3?
1
Let d = 88 - 73. What is the remainder when 45 is divided by d?
0
Suppose -8*s + 87 = -169. Calculate the remainder when s